ors of (-1912)/6*(24/(-22) + 3549/(-1859))?
2, 239
Let j be 120/28 + -4 - 2540/(-28). Suppose -j = -2*h - 5*b, -4*b - 142 = -3*h + 52. List the prime factors of h.
2, 29
Suppose a - 1 = 5. Suppose b + 382 = -4*k + a*b, 5*k + 498 = -4*b. Let x = 139 + k. List the prime factors of x.
41
Suppose -9*u + 12*u = -222. Let o = u - -75. List the prime factors of 28*((-9)/(-12) - o)*-18.
2, 3, 7
Let u = 23370 - -19178. What are the prime factors of u?
2, 11, 967
Suppose 0 = -k + 4*v + 23 + 2, 3*k - v = 20. Suppose -g + 1190 = -2*s, -12*g - 3614 = -15*g - k*s. List the prime factors of g.
2, 599
Suppose 5*w + 14 = -z, -z - 3*w = z. Let i be (-3)/((-2)/(-2) - 15/z). What are the prime factors of 1/(((-5)/50)/((-25)/i))?
5
Suppose 4*p = 5*n + 23427, 4*p + 349*n = 351*n + 23430. List the prime factors of p.
2, 29, 101
Let j(y) = 70*y - 30. Let f be j(9). Suppose 12*v = 7*v + f. List the prime factors of v.
2, 3, 5
What are the prime factors of ((-28076)/(-10) - 6) + 6/(-10)?
2801
Suppose -90 = -9*a + 153. Let z(n) = -n**2 + 40*n + 93. What are the prime factors of z(a)?
2, 3, 37
Let m(l) = l**3 - 2*l**2 - 17*l + 4080. What are the prime factors of m(0)?
2, 3, 5, 17
Suppose -5*p - 4 = i + 20, -5*i + 25 = -4*p. Let o(g) = 724*g**2. List the prime factors of o(i).
2, 181
Let v(q) = -q + 168 + 454 + 94 + 121 + 70. List the prime factors of v(0).
907
Let q = 52612 - 27659. List the prime factors of q.
24953
Suppose 5*c - 13*c - 33087 = -93999. What are the prime factors of c?
2, 3, 47
Suppose -7*x - 118 = -9*x. Let m = -36 + x. Let d = 117 - m. List the prime factors of d.
2, 47
Suppose n + 1223 = g, 3967 - 296 = 3*g - 4*n. List the prime factors of g.
3, 11, 37
Suppose 0 = j - 4. Suppose j*f = -3*f + 28. Let m(b) = -b**3 + 4*b**2 + 11*b - 23. What are the prime factors of m(f)?
3, 7
Let i be 24/(-28)*(-56)/12. Let j be 0/(4/i + 3). Suppose j = -8*s + 31 + 41. List the prime factors of s.
3
Suppose -x + 3*d - 2 = 8, 3*x + 2*d = 25. Let o(h) = 37*h - 37. What are the prime factors of o(x)?
2, 37
Suppose -970 = 2*x - 2*y, -3*x - y = -6*y + 1451. Let f = 872 + x. What are the prime factors of f?
5, 7, 11
Suppose 8*a = 321 - 97. Let j be 7*(116/a - 4). Suppose -r = -j, -350 = 4*g - 3*r - 1183. List the prime factors of g.
11, 19
Let l = -6307 + 13491. List the prime factors of l.
2, 449
Let x(l) = -3*l**3 + 30*l**2 - 36*l - 30. Let d(y) = y**3 - y**2 - y - 1. Let v(f) = -2*d(f) - x(f). List the prime factors of v(27).
7, 47
Let f be (2/(-8))/(4/(-8))*-506. Let v = f + 453. List the prime factors of v.
2, 5
Suppose 2039596 = 18*i + 104*i. What are the prime factors of i?
2, 13, 643
Let p(g) = -4599*g + 1. Let m be p(-1). Suppose -24*x - m = -34*x. What are the prime factors of x?
2, 5, 23
Let h(w) = 309*w - 62. List the prime factors of h(10).
2, 757
List the prime factors of (-4420)/340 - (1 - 44932).
2, 37, 607
Let w(k) = 195*k**2 + 15*k + 9. List the prime factors of w(-7).
3, 1051
Let h(k) be the third derivative of k**5/12 + k**4/24 + 11*k**2. Let t be h(-2). List the prime factors of t*(12/(-16))/(9/(-8)).
2, 3
What are the prime factors of ((-8669430)/28)/99*(-104)/6?
2, 3, 5, 13, 139
Suppose 24 - 9 = 3*q. Let k(v) be the second derivative of v**4/4 - v**3/2 - 6*v**2 + 47*v. List the prime factors of k(q).
2, 3
Let w be (-3)/(-1)*18/27. Let h be 16*40 + w + 15/(-3). Suppose 0*g - 7*g = -h. What are the prime factors of g?
7, 13
Let w(z) = 290*z + 2. Suppose 3*l - 14 + 11 = 0. What are the prime factors of w(l)?
2, 73
Let j(f) = -134*f - 1300. List the prime factors of j(-45).
2, 5, 11, 43
Let z(u) = u**3 + 2*u**2 - 4*u. Let q be z(-3). Suppose q*b + t = -2*b + 651, 3*t - 653 = -5*b. Suppose 11*y = 6*y + b. What are the prime factors of y?
2, 13
Let q(w) = 7*w**2 + 30*w + 11. Let g = -417 + 405. List the prime factors of q(g).
659
Suppose 928*a - 6853449 = 221*a + 7572886. What are the prime factors of a?
5, 7, 11, 53
Let h(l) = -3*l + 33. Suppose 42 = c + 33. Let x be h(c). Suppose 4 = -4*y + x*y, 5*v = 4*y + 92. What are the prime factors of v?
2, 5
Let i(y) = 28*y**3 + 7*y - 7. Let t be i(5). Suppose 9*n + 5*n = t. List the prime factors of n.
2, 3, 7
Let i be (1 + 162/(-2))/(4/(-6)). Suppose 10*b - i = -0*b. What are the prime factors of b?
2, 3
Let t = 186542 - 123234. List the prime factors of t.
2, 7, 17, 19
Suppose -3*f + 11*y + 24091 = 0, -f - y = -4*y - 8035. What are the prime factors of f?
2, 19, 53
Suppose 2*g = -16*a + 17*a + 25622, -3*g + 4*a + 38418 = 0. What are the prime factors of g?
2, 43, 149
Let n be (-12)/22 + 96418/(-781). Let o be (68/(-5))/((-2)/10). List the prime factors of (-3)/(-2 - n/o).
17
Let z be -8 + 3/((-9)/(-15)). Let g be (-27 - z)/(3/(-2)). List the prime factors of (g/6)/((-26)/(-273)).
2, 7
Let d(s) = -s**3 - 21*s**2 - 12*s - 15. Let u be d(-14). Let y = 1768 + u. Suppose 0 = 7*i - 1886 + y. List the prime factors of i.
191
Let m(f) = -21*f + 78. Let x be m(3). List the prime factors of (-5 - 0)*(4 + (-567)/x).
13
Suppose 0 = -3*h + 2*g - 2270, -716 = -4*h + g - 3741. Let j = 690 - h. What are the prime factors of j?
2, 3, 241
Let u = -130 - 8. Suppose 3*a - 8 = r + 5, 0 = 3*r + 4*a + 91. Let i = r - u. List the prime factors of i.
113
Suppose -109*r + 4 = -108*r. Suppose q + 2*m = 150 + 765, r*q = 4*m + 3684. List the prime factors of q.
919
Suppose -169*t + 50 = -174*t. List the prime factors of (1365/t)/((-6)/28).
7, 13
Let a(v) be the first derivative of 4*v**2 + 47*v + 37. What are the prime factors of a(5)?
3, 29
Let j = 23580 - 9663. Suppose -13*q = -j - 318. What are the prime factors of q?
3, 5, 73
List the prime factors of (-324)/(-81) + 1*8454 - -1.
11, 769
List the prime factors of (159/2)/(23/184).
2, 3, 53
Let x = 353 - 215. Suppose -5*i = -8*i + x. Suppose 0 = 3*u + 2*n - i, u + 48 = 4*u + 3*n. List the prime factors of u.
2, 7
Let f(m) = -160*m - 25. Let h(y) = 319*y + 53. Let r(v) = 9*f(v) + 4*h(v). List the prime factors of r(-4).
643
Let k(l) be the third derivative of 0 + 4*l**2 - 1/60*l**5 + 13/120*l**6 + 0*l - 1/3*l**3 + 1/8*l**4. List the prime factors of k(2).
2, 13
Let g = 13236 - 4614. Suppose -15*y = 3*y - g. List the prime factors of y.
479
Let l = 460 - 258. Suppose 0 = -l*s + 198*s + 5816. What are the prime factors of s?
2, 727
Let m = -46 - -49. Suppose 3*a = 5*k - 11, m*k + 4*a = a - 3. List the prime factors of -1 - (-61 + (-3)/k).
3, 7
Let r = -355 + 187. Let p = r - -490. List the prime factors of p.
2, 7, 23
Let m = 9 - 7. Suppose m*b + 2*b - 5*c - 984 = 0, 0 = -3*c. Suppose 3*y - 3*i = -6*i + b, 0 = -4*y + 4*i + 304. List the prime factors of y.
79
Let v = -14408 - -36161. What are the prime factors of v?
3, 2417
Let m(w) = -w**2 - 9*w - 16. Let i be m(-7). What are the prime factors of (2676/36)/(((-2)/3)/i)?
223
Suppose -4*x = -2*x - 32. Suppose 49 = -9*n + x*n. List the prime factors of 53 + (n - (-3)/(-1)).
3, 19
Suppose 0 = -3*s + 3*w + 224 + 5260, -5484 = -3*s + 4*w. Suppose 117*m - 121*m + s = 0. What are the prime factors of m?
457
Let a(u) = -u**3 - 8*u**2 - 6*u + 11. Let n be a(-7). Suppose -472 + n = -13*x. List the prime factors of x.
2, 3
Suppose -d + 10108 = -5*z, 7*d + 0*d - 5*z = 70876. List the prime factors of d.
2, 3, 211
Suppose 0 = u + 3*g + 10, -3*u - 4*g - 15 - 25 = 0. Let f(q) = -2*q + 83. What are the prime factors of f(u)?
5, 23
Let q(c) = -35*c + 149. Let g(n) = 34*n - 149. Let h(z) = 2*g(z) + 3*q(z). List the prime factors of h(-13).
2, 3, 5, 7
Let k(r) = -2*r**3 + 3*r**2 - 5*r + 4. Let g be k(3). Let c = -74 - g. What are the prime factors of c/(-90) - (-246)/10?
5
Let z(j) be the second derivative of -3*j**5/20 - j**4/12 + 3*j**2 - 2*j. Let n be z(-3). Let o = n + -39. What are the prime factors of o?
3, 13
Suppose -3*l = 24, -241*p - 198672 = -246*p - l. What are the prime factors of p?
2, 4967
Suppose 3*n - 5*m = 6081, -5*n + 2*m + 11080 - 964 = 0. List the prime factors of n.
2, 3, 337
Let l(k) = -18*k**3 - 2*k**2 + k + 1. Let f be l(-2). Let a = f + 223. What are the prime factors of a?
2, 179
Let r = 89 - 234. Let m = r - -450. Suppose 0 = -3*c + m - 86. What are the prime factors of c?
73
Suppose u + 7 = 4*z - 1, 5*u + 2 = z. Suppose u = -4*v + 7*v + 5*a - 252, 0 = -5*v - 3*a + 404. Let l = v + -16. What are the prime factors of l?
3, 7
Suppo